= -z**2 + z + 48. Let s be b(0). Calculate the highest common factor of s and x.
6
Suppose -p + 2*p = 33. Suppose 5*g + 2*m - 50 = 0, -4*g + 5*g = 4*m + 10. Let u = g - -1. What is the highest common factor of p and u?
11
Suppose 0 = c - 11 + 15. Let o be (-240)/18*21/c. Calculate the greatest common divisor of o and 10.
10
Let w = -1777 + 1817. Calculate the highest common divisor of w and 90.
10
Let r = 49 + -32. Suppose -5*g = j - r, 4*g + g + 3*j = 21. Suppose -g*t - t + 56 = 0. What is the greatest common factor of t and 21?
7
Let o(l) = 6*l**2 + 4*l + 24. Let x be o(-3). What is the greatest common factor of 44 and x?
22
Let f be (-1)/8*-3325 - (-114)/304. What is the highest common divisor of 64 and f?
32
Let b(h) = -24*h - 61. Let q be b(-4). What is the highest common divisor of q and 80?
5
Let q(k) = 31*k - 3. Let o be q(4). Calculate the greatest common factor of o and 44.
11
Suppose 8*r - 14 = 10. Suppose 2 = -r*m + 4*m. Calculate the greatest common factor of m and 2.
2
Suppose 8*h = 1202 + 478. What is the greatest common divisor of 9 and h?
3
Let r be 2/(-8) - (-276)/16. Let d = r + -13. Suppose -9*y + d*y = -75. What is the greatest common factor of 30 and y?
15
Let n be -1*(-9)/(-15) + (-13065)/(-25). What is the greatest common divisor of n and 18?
18
Let w = 13 + 39. Suppose -w = -5*l - 12. Let a be (-4)/(l/3)*-10. What is the highest common factor of 120 and a?
15
Let s(h) = 2*h**2 - 20. Suppose -11*a + 17 = -38. Let n be s(a). What is the highest common factor of n and 18?
6
Let r = -52 + 52. Let k be (-9 - r)/((-75)/(-40) - 2). Let b = 13 - 4. What is the greatest common divisor of k and b?
9
Let w be (207 - -21)*6/4. Calculate the highest common factor of w and 36.
18
Suppose -7*u = -u - 1392. Calculate the greatest common divisor of u and 29.
29
Let a(g) = g**2 + 9*g - 16. Let u be a(-11). Suppose 3*n + 45 = u*n. Calculate the highest common divisor of 15 and n.
15
Let d be 119 - (45/(-10) - -4)*0. What is the greatest common divisor of 68 and d?
17
Suppose 2*a + 2*i - 18 = 0, 0*a - i = -3*a + 11. Suppose m = a + 7. Calculate the highest common factor of 96 and m.
12
Let p(x) = -x**2 + 4*x - 3. Let t be p(4). Let j(l) = -7*l + 9 - 7 - 3. Let c be j(t). What is the greatest common divisor of 10 and c?
10
Let p(h) = -2*h**2 + 5*h - 1. Let y be p(4). Let i = y + 15. Suppose 0 = -3*t + 5*t + 5*u - 1, i*u + 14 = t. What is the greatest common divisor of 1 and t?
1
Let x = -59 - -92. Let o = x - 25. Calculate the highest common factor of o and 32.
8
Suppose i = 0, 5*i - 18 - 18 = -2*p. Suppose 2*c - p = 50. Calculate the greatest common factor of 17 and c.
17
Let l(x) = -x + 1. Let p(r) = -12*r + 10. Let v(y) = -5*l(y) + p(y). Let g be v(-3). Calculate the highest common factor of g and 39.
13
Let c(o) = 24*o - 944. Let m be c(52). What is the highest common factor of 209 and m?
19
Suppose 0*r - 16 = r. Let u = r - -31. What is the highest common divisor of 5 and u?
5
Let z = 2183 - 2145. What is the greatest common factor of 1216 and z?
38
Suppose 0 = -122*x + 114*x + 1600. What is the greatest common factor of x and 140?
20
Let a = 2 + 5. Suppose -a*m + 2*m = -d - 7, 0 = 4*m + d - 2. Let h be 6 + -4 - -2*m. Calculate the highest common factor of 4 and h.
4
Let a be (0 - -1) + 8*1. Let i be (-24 + -2 + 2)*(-3)/(-4). Let b = i - -81. What is the greatest common factor of b and a?
9
Let p(k) = k**3 + 16*k**2 + 10*k + 26. Let w be p(-15). Suppose 0*u - 3*u = -y - w, 0 = 4*y + 20. What is the highest common factor of u and 8?
8
Let t(g) = -g**2 - 11*g - 4. Let z be t(-6). Let k = -980 - -1162. Calculate the greatest common factor of z and k.
26
Let r be 2/(2 + 6/(-2)). Let i(z) = -8*z**3 + 2*z**2 + 2*z + 4. Let a be i(r). What is the highest common factor of 18 and a?
18
Let o(f) = 22*f - 173. Let m be o(8). Calculate the greatest common divisor of m and 7.
1
Suppose -272 = -3*z + 25. Let u(b) = b. Let p be u(3). Suppose p*q = 2*f - 15, 5*f + q = 43 + 3. What is the greatest common factor of z and f?
9
Suppose -2*c = 3*b - 0*c - 431, 4*b - 3*c - 552 = 0. Calculate the greatest common divisor of 3 and b.
3
Let s be (406/(-16))/((-23)/184). What is the greatest common factor of s and 29?
29
Let w(b) = -4*b**2 - 2*b. Let i be w(-3). Let r = 28 + i. Let l = r + 14. What is the highest common divisor of l and 36?
12
Suppose -4 = -2*u, 7*z - 22 = 2*z - u. Suppose 0*g + 244 = z*g. Suppose 0 = 5*a - h - g, -h + 17 = a - 6*h. Calculate the highest common divisor of 8 and a.
4
Let m = 10 - 8. Let o(v) = v**2 + 6*v - 1 + 0*v**m + 14. Let x be o(-9). What is the greatest common factor of x and 60?
20
Let n = 37 + -28. Let z be 8 - (-16)/(-4) - -14. What is the greatest common factor of n and z?
9
Suppose 4*j - 4*a - 256 = 0, -4*j + 2*a - 158 + 424 = 0. What is the highest common factor of j and 161?
23
Let k(c) = -c**2 + 9*c + 13. Let j be k(9). What is the greatest common factor of 1157 and j?
13
Let k be (-60)/(-16) + (-2)/(-8). Let i be (-11 + 9)*(-6)/(-4). Let o be 7 + (i + -4 - -4). What is the highest common factor of o and k?
4
Suppose -2*j = -3*o + 75, 3*o + 125 = 8*o + 5*j. Suppose v = 2*z - 4, 6*z + 5*v = z + o. Let y = 39 - 6. What is the greatest common divisor of y and z?
3
Let f = -1216 - -1257. Calculate the greatest common factor of f and 779.
41
Let s be 2*(-9)/6 - -3. Suppose -26 = -s*h - 2*h. Suppose -h = -c - 5. Calculate the highest common factor of c and 20.
4
Suppose 4*t - 7*t + 45 = 0. What is the greatest common divisor of 495 and t?
15
Let g be ((-20)/1)/(-25 + 24). Calculate the greatest common divisor of g and 620.
20
Let c = 23 - -25. Let s be (-19)/(380/c)*(-10)/3. What is the highest common factor of 56 and s?
8
Let n(y) = y**3 + y**2 - 4*y + 2. Suppose p - 4*f + 11 = -0*p, 0 = -2*p - 2*f + 18. Let u be n(p). What is the greatest common factor of u and 12?
12
Let g = -11 - -15. Let c(o) = o + 1. Let j be c(g). Let d(m) = 11*m + 8. Let l be d(j). What is the highest common factor of l and 7?
7
Suppose 319 = 40*h - 241. Let f be 3/2 - 1/(-2). Suppose -2*q + 140 = f*q. Calculate the highest common divisor of h and q.
7
Let k be ((-495)/225)/(1/(-5)). What is the highest common divisor of 253 and k?
11
Suppose -w + 4*v + 424 = 0, 0 = -6*w + 5*w - 2*v + 418. What is the highest common factor of w and 252?
84
Let c = -661 - -769. Calculate the greatest common divisor of 48 and c.
12
Suppose 11*v = 39*v - 616. Calculate the greatest common factor of v and 143.
11
Suppose 0 = 5*h - 14 - 6, 0 = 2*r - h - 18. Let i(q) = 11*q**2 + q - 1. Suppose 5*m = 6 - 1. Let v be i(m). What is the highest common divisor of v and r?
11
Suppose 1317 = y - 1721. Calculate the greatest common divisor of y and 31.
31
Let y be (2/4)/((-2)/(-24)). Let m be 9 - (15/(-3) - -8). Calculate the greatest common factor of m and y.
6
Let n be ((-464)/6)/(-2)*3. Suppose 0 = 3*g - 5*z + 203, -3*z + 14 - 63 = g. Let c = -32 - g. Calculate the greatest common factor of c and n.
29
Suppose 0 = -839*r + 831*r + 616. Calculate the greatest common factor of r and 55.
11
Suppose -56 = -4*y + 3*y. Suppose k - 21 = -7. Calculate the greatest common factor of y and k.
14
Let s be 1/(-2 - 15/(-6)). Let w be 8/44 + 2 + (-602)/(-77). Calculate the highest common factor of w and s.
2
Suppose 0 = 5*r - 3*s - 304, -6*r + 4*s + 116 = -4*r. Calculate the greatest common factor of 2 and r.
2
Let q = -1 + 61. What is the highest common factor of q and 80?
20
Let q be -6*-2*(-4)/(-3). Suppose -4*n + 15 = -n. Suppose -n*t + 164 - 44 = 0. Calculate the greatest common factor of t and q.
8
Let h(r) = r**3 - 10*r**2 + 13*r - 21. Let w be h(11). Calculate the highest common divisor of 135 and w.
27
Let p be (-3)/(-5) + 3554*(-2)/(-20). Let h = p + -156. Calculate the greatest common divisor of 25 and h.
25
Let s(i) = i**2 + i + 1. Let r(w) = w**3 + 7*w**2 - 5. Let v(l) = -r(l) - 4*s(l). Let n be v(-11). Calculate the greatest common divisor of 60 and n.
15
Suppose 2*g = -8, 0 = 2*d - 7*d + g - 521. Let c be (-1)/(-7) - 1560/d. What is the highest common divisor of 10 and c?
5
Let z = -958 + 1668. Calculate the highest common divisor of z and 10.
10
Let w = 1379 + -826. What is the greatest common factor of 7 and w?
7
Suppose 168 = 792*x - 778*x. Let g be ((-16)/10)/(5/(-